7
What is the hundred thousands digit of 517103?
5
What is the millions digit of 5661002?
5
What is the tens digit of 2756668?
6
What is the units digit of 1309971?
1
What is the units digit of 2301472?
2
What is the hundred thousands digit of 462424?
4
What is the hundreds digit of 322621?
6
What is the units digit of 557062?
2
What is the ten thousands digit of 13418889?
1
What is the ten thousands digit of 191733?
9
What is the hundreds digit of 176710?
7
What is the units digit of 37583?
3
What is the thousands digit of 57294?
7
What is the units digit of 492522?
2
What is the units digit of 17258?
8
What is the ten thousands digit of 13295?
1
What is the tens digit of 1123722?
2
What is the hundreds digit of 204904?
9
What is the units digit of 932685?
5
What is the units digit of 3815176?
6
What is the millions digit of 15835805?
5
What is the millions digit of 10589139?
0
What is the ten thousands digit of 8515729?
1
What is the thousands digit of 297768?
7
What is the hundreds digit of 4616940?
9
What is the hundreds digit of 1089499?
4
What is the hundred thousands digit of 5328617?
3
What is the hundred thousands digit of 518956?
5
What is the ten thousands digit of 6733652?
3
What is the tens digit of 1560911?
1
What is the hundreds digit of 658614?
6
What is the tens digit of 22596?
9
What is the hundred thousands digit of 7688822?
6
What is the ten thousands digit of 301046?
0
What is the ten thousands digit of 11285465?
8
What is the hundred thousands digit of 1060133?
0
What is the hundreds digit of 6433645?
6
What is the hundred thousands digit of 15361241?
3
What is the hundreds digit of 558351?
3
What is the thousands digit of 1202107?
2
What is the units digit of 781244?
4
What is the hundreds digit of 751852?
8
What is the hundreds digit of 181899?
8
What is the tens digit of 1150347?
4
What is the thousands digit of 127889?
7
What is the millions digit of 2439311?
2
What is the hundred thousands digit of 6006398?
0
What is the hundreds digit of 75308?
3
What is the thousands digit of 2371038?
1
What is the hundreds digit of 177623?
6
What is the thousands digit of 17845117?
5
What is the hundreds digit of 2896916?
9
What is the thousands digit of 1647730?
7
What is the ten thousands digit of 229217?
2
What is the thousands digit of 3214013?
4
What is the ten thousands digit of 207451?
0
What is the units digit of 68312?
2
What is the hundreds digit of 836466?
4
What is the hundreds digit of 5821975?
9
What is the hundreds digit of 3541462?
4
What is the hundred thousands digit of 1996038?
9
What is the units digit of 8752343?
3
What is the tens digit of 4146?
4
What is the tens digit of 649154?
5
What is the units digit of 3273379?
9
What is the tens digit of 7966217?
1
What is the hundred thousands digit of 362089?
3
What is the hundred thousands digit of 9947642?
9
What is the hundred thousands digit of 583267?
5
What is the tens digit of 22791134?
3
What is the ten thousands digit of 43258?
4
What is the tens digit of 992444?
4
What is the thousands digit of 427748?
7
What is the units digit of 8756815?
5
What is the thousands digit of 2252560?
2
What is the millions digit of 2262027?
2
What is the thousands digit of 1112109?
2
What is the hundred thousands digit of 495610?
4
What is the hundreds digit of 771516?
5
What is the thousands digit of 442361?
2
What is the hundred thousands digit of 30523824?
5
What is the thousands digit of 8281249?
1
What is the hundreds digit of 13678276?
2
What is the units digit of 354846?
6
What is the ten thousands digit of 856007?
5
What is the ten thousands digit of 518545?
1
What is the thousands digit of 513374?
3
What is the units digit of 3289407?
7
What is the hundred thousands digit of 5856065?
8
What is the hundreds digit of 185333?
3
What is the units digit of 362678?
8
What is the hundreds digit of 41936005?
0
What is the hundred thousands digit of 4531792?
5
What is the hundred thousands digit of 452765?
4
What is the ten millions digit of 26472873?
2
What is the hundred thousands digit of 154366?
1
What is the thousands digit of 17349379?
9
What is the hundreds digit of 73164?
1
What is the millions digit of 3360299?
3
What is the ten thousands digit of 1710986?
1
What is the units digit of 282153?
3
What is the ten thousands digit of 240245?
4
What is the thousands digit of 6904021?
4
What is the hundred thousands digit of 446539?
4
What is the units digit of 379001?
1
What is the thousands digit of 32377757?
7
What is the millions digit of 8969662?
8
What is the thousands digit of 519038?
9
What is the ten thousands digit of 9000917?
0
What is the ten thousands digit of 3135726?
3
What is the tens digit of 277641?
4
What is the hundreds digit of 3139212?
2
What is the tens digit of 342603?
0
What is the millions digit of 2315940?
2
What is the hundreds digit of 5252?
2
What is the ten thousands digit of 50296?
5
What is the hundred thousands digit of 385641?
3
What is the hundred thousands digit of 274957?
2
What is the millions digit of 1880796?
1
What is the millions digit of 1023727?
1
What is the ten millions digit of 20213204?
2
What is the thousands digit of 12351392?
1
What is the units digit of 1005659?
9
What is the hundred thousands digit of 2820760?
8
What is the units digit of 3460578?
8
What is the hundred thousands digit of 1273000?
2
What is the hundreds digit of 976720?
7
What is the thousands digit of 338752?
8
What is the tens digit of 1895217?
1
What is the thousands digit of 2126522?
6
What is the thousands digit of 45472?
5
What is the tens digit of 11895688?
8
What is the units digit of 36257?
7
What is the millions digit of 1768531?
1
What is the thousands digit of 40810?
0
What is the hundred thousands digit of 1148728?
1
What is the hundred thousands digit of 4485239?
4
What is the thousands digit of 508845?
8
What is the tens digit of 3710011?
1
What is the tens digit of 420678?
7
What is the thousands digit of 2310645?
0
What is the hundreds digit of 536645?
6
What is the tens digit of 1432371?
7
What is the hundred thousands digit of 5204196?
2
What is the tens digit of 27246210?
1
What is the tens digit of 159965?
6
What is the thousands digit of 13745737?
5
What is the tens digit of 3412?
1
What is the millions digit of 29683102?
9
What is the thousands digit of 1364868?
4
What is the millions digit of 3199266?
3
What is the millions digit of 4790215?
4
What is the hundreds digit of 1434353?
3
What is the units digit of 855035?
5
What is the ten thousands digit of 187534?
8
What is the thousands digit of 14570309?
0
What is the hundreds digit of 929140?
1
What is the ten thousands digit of 16697614?
9
What is the hundreds digit of 6693561?
5
What is the thousands digit of 2422626?
2
What is the tens digit of 4010073?
7
What is the hundreds digit of 2341523?
5
What is the millions digit of 4610926?
4
What is the units digit of 631831?
1
What is the hundreds digit of 28454117?
1
What is the ten thousands digit of 1733985?
3
What is the hundred thousands digit of 1665312?
6
What is the units digit of 373576?
6
What is the hundred thousands digit of 828944?
8
What is the ten thousands digit of 2702094?
0
What is the hundred thousands digit of 385762?
3
What is the hundred thousands digit of 3282854?
2
What is the units digit of 2015786?
6
What is the thousands digit of 31130273?
0
What is the ten thousands digit of 16009242?
0
What is the hundred thousands digit of 202985?
2
What is the tens digit of 463066?
6
What is the tens digit of 12162200?
0
What is the millions digit of 4896495?
4
What is the tens digit of 195050?
5
What is the units digit of 257667?
7
What is the tens digit of 1374347?
4
What is the units digit of 177935?
5
What is the hundred thousands digit of 23440148?
4
What is the tens digit of 1010122?
2
What is the hundreds digit of 362472?
4
What is the ten thousands digit of 8063065?
6
What is the tens digit of 166400?
0
What is the tens digit of 124689?
8
What is the units digit of 1346930?
0
What is the tens digit of 4014?
1
What is the tens digit of 4207557?
5
What is the hundreds digit of 586502?
5
What is the millions digit of 5261095?
5
What is the thousands digit of 101154?
1
What is the units digit of 430211?
1
What